 prime number?
True
Is 2081 a composite number?
False
Is 14441 a composite number?
True
Is 374287 a composite number?
False
Is 11758 a prime number?
False
Is 147731 prime?
False
Is 83683 a composite number?
True
Is 27785 composite?
True
Is 23137 composite?
True
Is 6331 a composite number?
True
Is 10007 a composite number?
False
Is 105695 a composite number?
True
Is 43441 composite?
False
Is 4547 a composite number?
False
Is 18661 prime?
True
Is 1227999 a prime number?
False
Is 11983 a composite number?
True
Is 61751 prime?
True
Is 8587 prime?
False
Is 11113 prime?
True
Is 9143 a composite number?
True
Is 208309 a prime number?
True
Is 409121 a composite number?
False
Is 11579 prime?
True
Is 350195 a composite number?
True
Is 10079 prime?
True
Is 3433 prime?
True
Is 35099 prime?
True
Is 557 a composite number?
False
Is 146639 prime?
True
Is 278867 a prime number?
True
Is 2017214 prime?
False
Is 167249 a prime number?
True
Is 4957 composite?
False
Is 17587 a prime number?
False
Is 1163 composite?
False
Is 16619 composite?
False
Is 12049 composite?
False
Is 58567 a composite number?
False
Is 63637 prime?
False
Is 1615421 prime?
True
Is 54794 prime?
False
Is 853067 a prime number?
False
Is 1086731 a prime number?
True
Is 1841 a prime number?
False
Is 905174 composite?
True
Is 4861 composite?
False
Is 47473 a prime number?
False
Is 9961 a composite number?
True
Is 4507 prime?
True
Is 13649 a prime number?
True
Is 944071 composite?
False
Is 62993 a prime number?
False
Is 31307 composite?
False
Is 679669 a prime number?
True
Is 715889 prime?
True
Is 38261 composite?
False
Is 11861 a prime number?
False
Is 1407811 composite?
False
Is 23523 prime?
False
Is 30669 a prime number?
False
Is 466535 composite?
True
Is 2679843 a prime number?
False
Is 14453 prime?
False
Is 200099 a composite number?
True
Is 38099 prime?
False
Is 35177 a composite number?
True
Is 223 a prime number?
True
Is 403762 a prime number?
False
Is 1418 prime?
False
Is 9090893 a prime number?
False
Is 195649 a composite number?
True
Is 883273 prime?
True
Is 762737 a prime number?
True
Is 4267 a composite number?
True
Is 2117 a prime number?
False
Is 17447 a prime number?
False
Is 25417 composite?
True
Is 648361 composite?
True
Is 181387 a prime number?
True
Is 631729 composite?
True
Is 278321 a prime number?
True
Is 8849 composite?
False
Is 143722 composite?
True
Is 503183 composite?
True
Is 56251 prime?
False
Is 10757 a composite number?
True
Is 526511 composite?
False
Is 280673 composite?
False
Is 218983 a composite number?
True
Is 5519 composite?
False
Is 34801 prime?
False
Is 48171 prime?
False
Is 29443 a prime number?
True
Is 403829 a prime number?
True
Is 292121 prime?
False
Is 695239 a prime number?
True
Is 318491 a prime number?
False
Is 1637 a prime number?
True
Is 120011 a prime number?
True
Is 162989 a composite number?
False
Is 1938503 a prime number?
False
Is 71527 composite?
False
Is 132239 a composite number?
True
Is 49145 prime?
False
Is 32969 a composite number?
False
Is 4049 a composite number?
False
Is 7841 a prime number?
True
Is 7298281 a composite number?
False
Is 3215 a prime number?
False
Is 87573 prime?
False
Is 27563 a prime number?
False
Is 67033 a prime number?
True
Is 18087 a prime number?
False
Is 54235 a prime number?
False
Is 47941 a prime number?
False
Is 412289 a prime number?
True
Is 22679 composite?
False
Is 45329 a composite number?
False
Is 138163 composite?
False
Is 78691 composite?
False
Is 4143 a prime number?
False
Is 261863 prime?
False
Is 693989 a prime number?
True
Is 14513 composite?
True
Is 21709 prime?
False
Is 4267 a prime number?
False
Is 12569 prime?
True
Is 87679 prime?
True
Is 47801 a prime number?
False
Is 143357 composite?
False
Is 1541 a prime number?
False
Is 32741 a prime number?
False
Is 21557 a composite number?
False
Is 18461 composite?
False
Is 89291 a composite number?
True
Is 114443 a prime number?
False
Is 118661 a composite number?
False
Is 13591 prime?
True
Is 31127 a prime number?
False
Is 2378837 a prime number?
False
Is 5367 a composite number?
True
Is 59671 composite?
False
Is 8663 prime?
True
Is 39473 composite?
True
Is 17159 a composite number?
False
Is 593259 composite?
True
Is 57563 composite?
True
Is 23459 a prime number?
True
Is 631 composite?
False
Is 12827 a composite number?
True
Is 7861 composite?
True
Is 15401 prime?
True
Is 1267381 a composite number?
False
Is 11569 a composite number?
True
Is 113149 a composite number?
False
Is 19857 composite?
True
Is 7573 a composite number?
False
Is 164213 a composite number?
True
Is 12289 a prime number?
True
Is 26237 prime?
True
Is 616483 prime?
False
Is 77641 a composite number?
False
Is 1217 prime?
True
Is 15977 composite?
True
Is 294223 a composite number?
False
Is 8563 a composite number?
False
Is 40657 prime?
False
Is 146635 a composite number?
True
Is 5053 composite?
True
Is 67153 prime?
True
Is 3593 a prime number?
True
Is 80113 prime?
False
Is 7253 a composite number?
False
Is 40207 a composite number?
True
Is 12086 composite?
True
Is 220279 prime?
True
Is 280751 prime?
True
Is 154321 prime?
True
Is 73217 prime?
False
Is 921697 a prime number?
False
Is 207377 a prime number?
True
Is 194227 a composite number?
True
Is 10537 prime?
False
Is 2707 a composite number?
False
Is 2818217 a composite number?
True
Is 2127 prime?
False
Is 36415 composite?
True
Is 4553 prime?
False
Is 254593 a composite number?
False
Is 5173 composite?
True
Is 94873 a composite number?
False
Is 19567 a prime number?
False
Is 7855 composite?
True
Is 239703 prime?
False
Is 6469 prime?
True
Is 263 a prime number?
True
Is 73427 a prime number?
False
Is 390731 prime?
False
Is 561703 a composite number?
False
Is 11179 a prime number?
False
Is 134929 a prime number?
False
Is 126307 a composite number?
False
Is 965369 a composite number?
False
Is 9754 a composite number?
True
Is 66739 composite?
False
Is 8573 a composite number?
False
Is 205687 composite?
True
Is 311099 prime?
True
Is 178489 prime?
True
Is 5277 composite?
True
Is 511987 a composite number?
True
Is 1148623 a composite number?
True
Is 199 a prime number?
True
Is 30757 prime?
True
Is 8497 a composite number?
True
Is 254837 prime?
False
Is 122359 composite?
True
Is 439 composite?
False
Is 490591 a prime number?
True
Is 54647 composite?
False
Is 90227 a prime number?
True
Is 106243 prime?
True
Is 23455 composite?
True
Is 19567 a composite number?
True
Is 71353 composite?
False
Is 49223 prime?
True
Is 33457 a prime number?
True
Is 64271 prime?
True
Is 13619 a prime number?
True
Is 263 prime?
True
Is 34309 prime?
False
Is 34457 a composite number?
False
Is 319 prime?
False
Is 3651487 prime?
False
Is 3293 a prime number?
False
Is 1897706 composite?
True
Is 2437 composite?
False
Is 67843 composite?
False
Is 13799 a composite number?
False
Is 2038621 a prime number?
False
Is 1031 a prime number?
True
Is 16778 composite?
True
Is 577945 prime?
False
Is 132329 prime?
True
Is 1733 a composite number?
False
Is 1157437 composite?
False
Is 172477 prime?
False
Is 21467 a composite number?
False
Is 14387 a composite number?
False
Is 110809 a composite number?
True
Is 8581 prime?
True
Is 16759 composite?
False
Is 468187 composite?
False
Is 46553 a prime number?
False
Is 2927 a prime number?
True
Is 161599 a prime number?
True
Is 18839 prime?
True
Is 12499 a prime number?
False
Is 94687 composite?
False
Is 170099 composite?
False
Is 2217 a prime number?
False
Is 34123 prime?
True
Is 11177 prime?
True
Is 99599 a composite number?
True
Is 1433849 a prime number?
True
Is 121727 a prime number?
True
Is 196723 composite?
True
Is 134449 prime?
False
Is 793 prime?
False
Is 297247 a prime number?
True
Is 479311 prime?
False
Is 22007 a composite number?
True
Is 98671 a composite number?
True
Is 212782 a prime number?
False
Is 14113 a prime number?
False
Is 39523 a prime number?
False
Is 2463 composite?
True
Is 3259 a prime number?
True
Is 466643 a prime number?
False
Is 236211 prime?
False
Is 479 composite?
False
Is 18251 a composite number?
False
Is 80651 composite?
False
Is 9239 a prime number?
True
Is 2843 prime?
True
Is 2201513 a prime number?
False
Is 7895 prime?
False
Is 15595 composite?
True
Is 359057 prime?
False
Is 116149 prime?
False
Is 1943 